 base 7
-5506451
What is a4906 (base 13) in base 16?
483f5
Convert 1405423503 (base 6) to base 7.
265020114
1144324422 (base 5) to base 11
15a5097
What is -10a33a2 (base 11) in base 3?
-10121200002110
What is 10132122 (base 6) in base 11?
18a49a
-1010011110010111100 (base 2) to base 13
-c02c2
11bba6 (base 13) to base 3
210122101101
What is -2506918 (base 10) in base 7?
-30210541
Convert -1470265 (base 8) to base 16.
-670b5
-264290 (base 10) to base 8
-1004142
Convert 1ab696 (base 13) to base 9.
1248727
-195e8 (base 15) to base 16
-141a7
Convert 3729302 (base 10) to base 9.
7013568
Convert 211022210222 (base 3) to base 5.
103030301
Convert 10111010001011101101 (base 2) to base 8.
2721355
What is -270550 (base 15) in base 11?
-1070232
Convert -35140 (base 12) to base 6.
-1304520
Convert -3261223 (base 9) to base 5.
-422041244
What is 4485670 (base 9) in base 8?
11163722
What is -42562 (base 9) in base 6?
-334215
What is 202011010112 (base 3) in base 15?
7c7eb
1204169 (base 12) to base 10
3490785
Convert 111101110111011000 (base 2) to base 6.
5233052
Convert -3162335 (base 7) to base 9.
-646128
Convert b5c14 (base 16) to base 4.
2311300110
Convert -40baf6 (base 16) to base 5.
-2041222131
What is -11111100111010010 (base 2) in base 6?
-2435254
What is 10302317 (base 8) in base 13?
5bbb1c
-101110100111000 (base 2) to base 7
-126401
What is -6a20e1 (base 16) in base 14?
-cd09c5
100003512 (base 6) to base 14
31a5a4
Convert -113547 (base 9) to base 6.
-1243541
-3719670 (base 13) to base 16
-1055dd5
Convert 1643c (base 15) to base 9.
118473
Convert 177330 (base 11) to base 6.
5505015
What is -ccca3 (base 13) in base 6?
-11542441
10102102202212 (base 3) to base 7
21315266
Convert -11023012 (base 5) to base 15.
-1d3dc
13293b (base 13) to base 5
104303231
What is -a9034 (base 11) in base 8?
-465332
-6c738b (base 16) to base 8
-33071613
Convert -1097293 (base 10) to base 5.
-240103133
Convert -73716500 (base 8) to base 15.
-15a2caa
What is 51564166 (base 8) in base 12?
37b6186
What is 9017 (base 14) in base 11?
17630
1002230220 (base 4) to base 14
717ba
Convert a76a (base 11) to base 4.
3132121
-13774022 (base 9) to base 7
-112064141
What is 9b02 (base 12) in base 2?
100001011110010
-15e8db (base 16) to base 15
-1d5697
4431052 (base 6) to base 16
362a8
3a59203 (base 11) to base 6
410132330
What is -47030 (base 10) in base 6?
-1001422
100000110010100010000101 (base 2) to base 3
121011200221011
What is 13100122 (base 5) in base 14?
349c6
88708 (base 16) to base 9
1041541
What is 2210424 (base 6) in base 16?
1aef0
Convert -144403220 (base 5) to base 9.
-1415876
-1001111111110011001101 (base 2) to base 4
-21333303031
adc09 (base 14) to base 10
422193
Convert 370458 (base 11) to base 2.
10001111000111001011
Convert 1204472 (base 8) to base 6.
11023550
Convert 12121211000 (base 3) to base 14.
2c493
-659898 (base 11) to base 13
-2ab127
-72451 (base 11) to base 16
-19cd9
What is 110010101101000010 (base 2) in base 15?
41807
What is -37520 (base 14) in base 13?
-49874
Convert 6015734 (base 8) to base 4.
12001233130
22031313 (base 4) to base 5
2314342
What is -222b8 (base 14) in base 5?
-10122444
Convert -442724 (base 9) to base 3.
-111102210211
-3508aa (base 15) to base 11
-1480269
What is -221011002121120 (base 3) in base 2?
-110010111111010110000110
-3232000 (base 5) to base 3
-2210210022
11011001000111000 (base 2) to base 13
3b79a
1702915 (base 11) to base 16
2c4a9d
Convert 1202661 (base 7) to base 3.
21201220020
What is 7a2468 (base 11) in base 8?
4676073
What is -3511054 (base 7) in base 15?
-8a47a
-73a35 (base 11) to base 2
-11010010011010000
Convert -200333031 (base 4) to base 3.
-20212100100
What is -1101251 (base 8) in base 12?
-123089
-32590 (base 16) to base 10
-206224
Convert -a0c38c (base 13) to base 3.
-21001000012110
What is 16227712 (base 9) in base 2?
11110111011100111100100
Convert 1330320320 (base 4) to base 12.
208048
-20494804 (base 10) to base 12
-6a44504
-7214157 (base 8) to base 15
-279e9e
What is -425354414 (base 6) in base 2?
-11100110001011010101010
100101110001100000 (base 2) to base 13
55567
Convert -107446 (base 13) to base 11.
-245078
34b4349 (base 13) to base 12
55566b2
Convert -111200110201022 (base 3) to base 16.
-6ef768
a545c (base 13) to base 14
7a512
What is -3dce00 (base 15) in base 16?
-2d783c
-168277 (base 11) to base 6
-5323035
Convert -598da (base 15) to base 11.
-185560
Convert 1011350 (base 8) to base 10.
266984
What is 131581 (base 9) in base 15?
18a44
What is 496975 (base 16) in base 14?
8d347b
150792 (base 14) to base 5
141401104
4605a1 (base 11) to base 8
2627136
What is -7767 (base 14) in base 8?
-50277
What is 80465 (base 15) in base 2?
1100011000111101011
What is 32221020330 (base 4) in base 8?
16511074
Convert 20480665 (base 9) to base 5.
10010331132
Convert 10212201222210 (base 3) to base 16.
1f7526
-1104014 (base 7) to base 5
-13321324
-82774 (base 10) to base 3
-11012112201
Convert 26ed0 (base 15) to base 13.
44a96
1204414 (base 6) to base 9
105651
Convert -3d337d (base 16) to base 14.
-765993
-222346 (base 14) to base 15
-17d463
What is 114820 (base 11) in base 2?
101100011011110110
Convert 463a01 (base 11) to base 7.
6160300
-111111000111011000 (base 2) to base 15
-518ea
What is 101111100110000 (base 2) in base 15?
7348
318a6 (base 13) to base 16
15d18
1b86ba2 (base 12) to base 9
12083705
3426b1 (base 13) to base 15
195800
What is 37135841 (base 9) in base 4?
1011033221320
What is -183412 (base 10) in base 16?
-2cc74
What is -5a878 (base 12) in base 14?
-3276c
-277430 (base 8) to base 2
-10111111100011000
Convert -1252212 (base 7) to base 5.
-20222221
69187c (base 13) to base 9
4612464
-40948 (base 16) to base 6
-5400344
234222411 (base 5) to base 8
4111035
Convert 1f3cb (base 16) to base 10.
127947
-223233442 (base 5) to base 11
-619065
Convert 158474b (base 12) to base 9.
8252145
What is 524247 (base 8) in base 5?
21033442
What is 6c70c (base 14) in base 5?
31433213
Convert 3112111 (base 9) to base 5.
411131412
64363 (base 8) to base 4
12203303
What is 111130313023 (base 4) in base 12?
1a72237
Convert 132020010 (base 4) to base 9.
207236
Convert 50172526 (base 8) to base 11.
5a55326
What is -337087 (base 9) in base 15?
-3ecc7
What is 1100111011111100011 (base 2) in base 10?
423907
2154011 (base 6) to base 15
221e4
Convert -531163 (base 7) to base 10.
-91675
Convert -2204731 (base 12) to base 11.
-3724788
-8221320 (base 10) to base 11
-4705888
Convert -10010011101100011101 (base 2) to base 6.
-20544421
Convert -2212211013 (base 4) to base 5.
-133313221
Convert -10120212201210 (base 3) to base 16.
-1d18b5
Convert -1372333 (base 8) to base 6.
-12211123
What is 1069102 (base 15) in base 4?
230232202301
What is 15de9 (base 15) in base 14?
1ba60
1110110011110111010111 (base 2) to base 14
730c63
8530135 (base 10) to base 3
121001101010221
What is -943737 (base 10) in base 9?
-1687506
Convert -11011000010101011001 (base 2) to base 10.
-886105
What is 52717 (base 10) in base 12?
26611
-412401442 (base 5) to base 3
-10011120212102
What is -3d28d (base 15) in base 8?
-577355
Convert -23333301 (base 7) to base 14.
-3b8438
14a5293 (base 14) to base 9
20862087
What is -4306342 (base 8) in base 12?
-475742
What is -adc3dd (base 14) in base 8?
-26431477
Convert 3cc8f (base 16) to base 15.
4db85
Convert -90700 (base 10) to base 8.
-261114
What is 110101101111100110 (base 2) in base 16?
35be6
-3374471 (base 9) to base 10
-1820701
Convert -2ffc2e (base 16) to base 15.
-421ba0
Convert -1745665 (base 8) to base 11.
-319936
-18b5525 (base 12) to base 4
-103320332231
Convert -2333423 (base 6) to base 13.
-432c6
-4b3c2 (base 13) to base 7
-1116320
88942 (base 10) to base 11
60907
What is -3356646 (base 7) in base 4?
-1211333133
Convert 1000222000 (base 4) to base 5.
31433312
-613311 (base 9) to base 13
-c948a
168c7 (base 15) to base 8
216236
Convert 880789 (base 10) to base 2.
11010111000010010101
Convert 1132101230 (base 6) to base 4.
300130032102
-a3b879 (base 15) to base 14
-1068d96
What is 310311233 (base 5) in base 4?
10303222201
What is 21d85 (base 14) in base 6?
1432425
Convert 150d02a (base 14) to base 12.
35262a6
Convert 11110111111100010 (base 2) to base 6.
2415414
Convert -b9d228 (base 14) to base 12.
-2138758
What